en b(-2) is divided by 6?
5
Suppose 0 = 5*t + y + 28 - 307, 3*t = 3*y + 153. Suppose 0 = 5*b + 8 - 78. Calculate the remainder when t is divided by b.
13
Suppose 0 = 5*g - 2*h - h - 172, -4*h = -2*g + 66. Suppose 2*j - x - g = 0, -4*j = -5*x - 50 - 17. Calculate the remainder when j is divided by 7.
4
Suppose -t = -4, 3*k = k - 2*t + 22. Calculate the remainder when 27 is divided by k.
6
Let d(x) = 5*x. Let s = 133 + -76. Calculate the remainder when s is divided by d(3).
12
Suppose 2*y - 178 = -3*f, 3*y = f - 0*y - 52. What is the remainder when f is divided by 12?
10
Suppose 4*b + 94 = 354. Suppose 2*v + b = 7*v. Let o(l) = -4*l + 10. What is the remainder when o(-7) is divided by v?
12
Suppose 0 = v, 2*a - 84 = -a + 4*v. What is the remainder when a is divided by 15?
13
Suppose 0 = -3*p + 9 - 0. Suppose -p*d = 8 - 32. Calculate the remainder when 13 is divided by d.
5
Let r be (0 + -2)*(-17)/(-2). Let a = -3 - r. Calculate the remainder when a is divided by 5.
4
Calculate the remainder when 41 is divided by (72/20)/(-6) - (-143)/5.
13
Suppose 0 = -y - y + 8. Let x be 56/y + (-4)/2. Suppose 2*t = -4*q + x, -2*q - 3*t = q - 6. What is the remainder when 7 is divided by q?
3
Suppose 2*z - z = 2. Let a = -3 - -4. What is the remainder when z is divided by a?
0
Suppose -3*x = -5*j - 46, 0 = -2*j - j + 2*x - 28. Let a = -17 + 43. What is the remainder when a is divided by (11 + j)/((-3)/(-14))?
12
Let s = 3 - 5. Let l be ((-3)/4)/(s/8). Suppose -43 = -g - l*n, 0*g + 4*g + 4*n = 180. What is the remainder when g is divided by 16?
14
Suppose 3*c + 7 = -g - 0*c, 4*g - 17 = -3*c. Calculate the remainder when (-93)/(-6) - 2/4 is divided by g.
7
Let o be ((-3)/2)/((-8)/16). Suppose -28 = -o*a - k, k = -4*a + 2*k + 42. Suppose -60 = 5*p - a*p. Calculate the remainder when 22 is divided by p.
10
Suppose 0*o - 176 = -8*o. What is the remainder when o is divided by 12?
10
Suppose -2*v = 2*v + 16, 31 = l - 5*v. Let d = 24 - l. Let q(c) = -c**3 - 11*c**2 - 13*c - 6. Calculate the remainder when q(-10) is divided by d.
11
Let l = -2 + 16. Calculate the remainder when 4/(-10) - 202/(-5) is divided by l.
12
Let k be 2 + (2 - (-4)/(-2)). Suppose 5*w = -3*x + 70, -7*w + 10 = -k*w. Suppose 0 = -p + 6*p - x. What is the remainder when 13 is divided by p?
1
Let q = 9 + 1. What is the remainder when 26 is divided by q?
6
Let c(d) = 5*d + 3. Let l = -6 + 8. Calculate the remainder when 38 is divided by c(l).
12
Let y(t) = 72*t + 3. Let a be y(-4). Calculate the remainder when a/(-9) + (-2)/(-6) is divided by (-22)/1*7/(-14).
10
Suppose -3*b + 5*p + 6 = 0, -b = 3*b + 3*p + 21. Calculate the remainder when 2*b/(-2) + 2 is divided by 2.
1
Let j = 33 + -19. Let d = 46 - 20. Calculate the remainder when d is divided by j.
12
Suppose -2*j = 5*j - 266. What is the remainder when j is divided by 5?
3
Suppose 102 = t + 5*t. What is the remainder when 46 is divided by t?
12
Let r = 76 - 54. What is the remainder when 83 is divided by r?
17
Suppose 5*r - 2*r = g + 242, 3*r = -5*g + 212. Calculate the remainder when r is divided by 20.
19
Let l(u) be the first derivative of -u**4/4 - 2*u**3/3 - u**2/2 + u - 4. Calculate the remainder when 5 is divided by l(-2).
2
Suppose -3*w - w = -92. Let q(t) be the third derivative of -t**5/60 + 11*t**4/24 - 11*t**3/6 - t**2. What is the remainder when w is divided by q(8)?
10
Let t = 104 - 82. What is the remainder when 175 is divided by t?
21
Suppose 21 = 6*v - 81. What is the remainder when v is divided by 5?
2
Let z = 0 + 11. Calculate the remainder when z is divided by 7.
4
Let s = -55 + 100. Let n(c) = c**3 - 5*c**2 + 2*c + 6. What is the remainder when s is divided by n(5)?
13
Suppose 5*m - 47 = -3*u, 3*m = 4*u + 28 + 6. What is the remainder when (-162)/(-6) + 4/2 is divided by m?
9
Let q be 11 + -4 + 0 + -2. Suppose k - 4 = -2*a, a - k - q = -0*a. What is the remainder when a is divided by (4 + -3)/(2/4)?
1
Let y(q) = -q**2 + 14*q - 35. What is the remainder when 21 is divided by y(7)?
7
Let p = -51 + 26. Let s = p + 65. Calculate the remainder when 117 is divided by s.
37
Let o = 13 - -4. Suppose 0 = 3*f + 2*f - 250. Calculate the remainder when f is divided by o.
16
Suppose -2*r = r - 78. Let f(v) be the third derivative of v**6/120 + v**5/10 + 5*v**4/24 - v**3/2 - 2*v**2. What is the remainder when r is divided by f(-4)?
8
Let m(i) = -9*i - 11. Suppose -g + 4*g = -24. Let q be m(g). Suppose -q = -3*o + 4*w - 3*w, -o = 5*w + 1. Calculate the remainder when 55 is divided by o.
17
Suppose -4 = 5*g - 9. What is the remainder when 17 is divided by (27/(-12))/(g/(-4))?
8
Suppose 5*m - 109 = f, -28 = 5*m - 4*f - 134. Let w = -5 - -13. What is the remainder when m is divided by w?
6
Suppose 7*o + 15 - 43 = 0. Calculate the remainder when 23 is divided by o.
3
Suppose 4*p + 3*y = 4*y + 9, 5*y = -4*p + 27. What is the remainder when 4 is divided by p?
1
Suppose -4*f = -2*o + 88, 5*f = f - 4. What is the remainder when o is divided by 16?
10
Let l = 14 + -7. Calculate the remainder when 12 is divided by l.
5
Let w(d) = 2*d**2 + 13*d + 12. Calculate the remainder when w(-9) is divided by 12.
9
Let d be 1*2*(-54)/(-12). Suppose 2*f - d = 5. What is the remainder when 25 is divided by f?
4
Let z(u) = -3*u**3 - 24*u**2 + 5*u + 13. Let n(b) = b**3 + 8*b**2 - 2*b - 4. Let y(q) = -8*n(q) - 3*z(q). Calculate the remainder when y(-7) is divided by 12.
11
Let z = -36 - -49. Suppose 2*p - p = 8. Calculate the remainder when z is divided by p.
5
Let y = -83 - -156. Calculate the remainder when y is divided by 26.
21
Suppose 5*x + 10 = -q - 0*q, -q - 4*x = 6. Let j(f) = -f**3 + 4*f**2 + f - 3. Calculate the remainder when j(-2) is divided by q.
9
Suppose 3*d + 228 = 9*d. Calculate the remainder when d is divided by 10.
8
Let a be -1 - (-5)/((-15)/18). Let y = 4 + -2. What is the remainder when 53 is divided by (a/4)/(y/(-16))?
11
Let c = 531 + -379. What is the remainder when c is divided by 7?
5
Suppose 4*h = 5*q - 42, 5*q + 0*h = -2*h + 24. Suppose -q*n + 44 = -4*n. Calculate the remainder when n is divided by 12.
10
Let u = -24 + 35. Let d = -2 + 5. Let h = d - -3. What is the remainder when u is divided by h?
5
Let j(b) = 22*b**2 - 1. Calculate the remainder when j(-1) is divided by 6.
3
Let y(m) = -m**3 - 9*m**2 - 9*m. Suppose 4*b = 4*g - 116, -85 + 21 = -2*g - b. What is the remainder when g is divided by y(-8)?
7
Let v(c) = c**3 + 12*c**2 + 15. Suppose 4*f - 5*w = 7, -f + w + 0*w + 3 = 0. Calculate the remainder when v(-12) is divided by f.
7
Calculate the remainder when 68 is divided by 27/(-6*(-3)/12).
14
Let b = 15 - 19. Calculate the remainder when (-158)/b - (-3)/(-6) is divided by 21.
18
Suppose -2*k - 4*w - 24 = 0, 4*k - 7 = 5*w - 3. Calculate the remainder when 52 is divided by 55/3 - k/(-12).
16
Let f = 11 + -9. Suppose f*w + 0*w - 30 = 0. What is the remainder when 28 is divided by w?
13
Let a(i) = -i**3 + 3*i**2 + 4*i - 4. Let u(d) = -d**2 + 6*d + 4. Let y be u(6). Let s be a(y). Let w = s - -6. What is the remainder when w is divided by 1?
0
What is the remainder when 9 is divided by (3/(-2))/(8/(-16))?
0
Let g(v) = -v**3 - 7*v**2 - 7*v - 4. Let l be g(-6). Suppose -p - 1 = -q + l*q, 3*q - 4*p - 11 = 0. Calculate the remainder when 1 is divided by q.
0
Let w(g) = 4*g**3 - 7*g**2 + 4*g + 40. Let k(s) = -s**3 + 2*s**2 - s - 13. Let p(r) = -7*k(r) - 2*w(r). Calculate the remainder when p(0) is divided by 6.
5
Let s = 18 + -3. Calculate the remainder when 43 is divided by s.
13
Let a = 2 - -2. Let c = 20 + -10. What is the remainder when c is divided by a?
2
Suppose 0*m + 3*m = -3. Suppose 2*j + 2*j - a - 91 = 0, 0 = -4*j - 5*a + 73. Calculate the remainder when j is divided by 2/(m - 0) + 14.
10
Let m = 43 - 12. What is the remainder when m is divided by 16?
15
Suppose -1 = k + 1. Let h = k - -4. Suppose 0 = h*y - 4*y + 18. Calculate the remainder when 25 is divided by y.
7
Suppose -5*o = 63 - 253. What is the remainder when o is divided by 13?
12
Let f = 74 + -38. Let x(q) = -q**3 - 6*q**2 - 8*q - 5. Let d be x(-6). Let s = -24 + d. What is the remainder when f is divided by s?
17
Let o(y) = 4*y**3 + 2*y**2 - 4*y + 3. What is the remainder when o(2) is divided by 6?
5
Suppose 5*v - q - 89 = 0, -v - 5*q + 19 = -4. What is the remaind